- 1075 = -f + 2427. List the prime factors of f.
2, 1747
Let n be (-278)/(-16) + 18/(-48). Suppose n*x = 11457 - 662. List the prime factors of x.
5, 127
Let j(p) be the second derivative of p**5/4 + p**4/6 - p**3/3 - 25*p. Let z be j(1). Suppose -z*w + 401 = -494. List the prime factors of w.
179
Let b(k) = 402*k + 4. Let x(h) = -h**2 + 4*h + 1. Let j be x(4). List the prime factors of b(j).
2, 7, 29
Let r(g) = 121*g - 120. Let f be r(6). Suppose 2*y - 4*h = f, 3*h + 123 = y - 184. List the prime factors of y.
5, 59
Let n be 2 + 14 - (3 + -1). Suppose -13*g - 12*g = -31000. Suppose -4*k - g = -n*k. List the prime factors of k.
2, 31
Let t(g) = -194*g - 31*g - 101*g - 10. What are the prime factors of t(-5)?
2, 3, 5
Suppose j = 2*u + 1, -j = -3*j - 3*u + 23. Suppose -2*s + 3*q + j = 0, s - 3*q - 7 = -5*q. List the prime factors of (0 - 214)*s/(-10).
107
Suppose 0 = -5*r + r + 20. Suppose -3*y = 4*u - r*y - 1300, 3*y - 634 = -2*u. List the prime factors of u.
17, 19
Suppose -5*i = -2*x - 3493, 2*x - 4 = -2. Suppose i = c + 4*m, 2*c - 5*m = 1491 - 93. What are the prime factors of c?
3, 233
List the prime factors of 5 + 1 + 3 + (-107821)/(-7).
2, 3853
Suppose -4*g + 5*o + 12 = o, 4*o = -g + 8. Suppose 150 = 2*t + g*k - 158, 4*t = -5*k + 625. List the prime factors of t.
2, 5
Let t = 32 - 74. Let a = -21 - t. Suppose 412 = -a*f + 25*f. List the prime factors of f.
103
Suppose 494 - 2237 = -5*f + 5902. List the prime factors of f.
11, 139
Let o(q) = 4*q**3 - 17*q**2 + 12*q + 6. Let u be o(4). Let x = u + 26. What are the prime factors of x?
2
Let g = 3827 - -425. Suppose 2*z - s - 1165 = 967, -4*s + g = 4*z. What are the prime factors of z?
3, 5, 71
Let a(g) = -2*g**3 + 2*g**2 + 4*g - 4. Let w be (-6)/21*(-12 + 1 - 3). Let z be a(w). List the prime factors of (-7)/(-2)*z/(-98) + 208.
211
Suppose -2*y + 2962 = -7*c + 9*c, -2*y - 4463 = -3*c. Let f = -740 + c. List the prime factors of f.
5, 149
Suppose -12*p + 9*p + 354 = 0. Let b = p + -113. Suppose -5*c + 0*h - 5*h = -510, -5*c + b*h = -510. List the prime factors of c.
2, 3, 17
Let h be (-42)/12*16/(-14). Suppose f - 8 = 2*r, -2*r + 2 - 20 = h*f. List the prime factors of -4 + f + 6 - -56.
2, 7
Suppose 0 = -36*b + 20*b + 39*b - 179055. What are the prime factors of b?
3, 5, 173
List the prime factors of 200/(-160) + (-119524)/(-16).
7, 11, 97
Let i = -110 + -150. Let q = i + 742. List the prime factors of q.
2, 241
Suppose -21 = k - r, 0 = 3*k + k + 2*r + 108. List the prime factors of k/(-100) + 14*178/16.
2, 3, 13
Let b = 7936 + 1221. List the prime factors of b.
9157
Suppose 2*c + 1307 = -5*v + 4*v, 5*v - 2649 = 4*c. Let y = c + 1798. List the prime factors of y.
2, 571
Suppose -11*a - x = -14*a + 27920, 46528 = 5*a - 3*x. List the prime factors of a.
2, 13, 179
Let k(r) = -4*r**3 - r**2 + r - 3. Let x be k(-2). Let z = x - 23. Suppose 0 = 3*w - 15, 446 = -z*a + 4*a + 2*w. List the prime factors of a.
109
Let t = 3449 - 3395. List the prime factors of t.
2, 3
Let k(j) = 20 + j - j - 2*j - 3*j. Let r be k(4). Suppose 0 = -2*f, r*n - n + f + 91 = 0. List the prime factors of n.
7, 13
Suppose 2440176 = 67*p - 1511259 + 506094. List the prime factors of p.
3, 61, 281
Suppose -3*u + 2*z + z = 1926, 4*u + 2562 = -2*z. Let q = u + 1854. What are the prime factors of q?
1213
Let t be (2/6)/(5/45). Let p = 14 + -2. What are the prime factors of 326/t*9/p*2?
163
Let g = -100 + 37. Let a be (-2)/3 + (-42)/g. Suppose a*x - 4*x + 16 = 0. What are the prime factors of x?
2
Let n = -338 - -764. Let y = n + 199. List the prime factors of y.
5
Let v be 2/(-8) - 2055/(-60). Suppose v*m - 39*m + 705 = 0. What are the prime factors of m?
3, 47
Let u(o) = 22*o**2 - 72*o + 188. What are the prime factors of u(-34)?
2, 3, 2339
Let o(p) = 27*p**2 + 135*p - 239. List the prime factors of o(30).
28111
Let y = -240 - -330. List the prime factors of y*(6 + 7 + -7).
2, 3, 5
Suppose -5*w - 462 = 17*w. Let n(g) = -9*g - 87. List the prime factors of n(w).
2, 3, 17
Let b(q) = 2*q**3 - 8*q**2 + 11*q + 12. Suppose 3*l + l + 2 = -3*n, -5*l = 25. What are the prime factors of b(n)?
2, 3, 37
Let d(x) = 206*x**3 + x**2 + 10*x + 10. Let q be d(-1). Suppose -344 - 366 = 5*p. Let i = p - q. List the prime factors of i.
3, 7
Let p(f) = -f**2 - 4*f + 1. Let q be p(-5). Let u(a) = a + 60. Let n be u(-62). List the prime factors of (-1*177/(-6))/(n/q).
59
Let f(b) = -28*b + 16. Let q be f(-1). Suppose 14202 + 7226 = q*x. What are the prime factors of x?
487
Let g(o) = 27*o**2 - 9*o + 111. What are the prime factors of g(-24)?
3, 67, 79
List the prime factors of 3/(-2) + 4337319/426.
2, 5, 509
Suppose 253*l + 9852 = 257*l. Suppose 85*b - 82*b = l. List the prime factors of b.
821
Suppose -3*g + 2 = -k + 19, 5*g = 4*k - 26. Let s(o) = 19*o**2 + 9*o - 12. What are the prime factors of s(g)?
2, 3, 103
Suppose 0 = -4*w - 5*u + 181, 8*u - 142 = -3*w + 3*u. Suppose 7677 = 6*o - w. List the prime factors of o.
2, 643
Suppose -2*v = 2*n - 10802, -2*n + 7562 = 4*v - 3250. What are the prime factors of n?
2, 19, 71
Suppose -5*q + 5*c + 21035 = 0, 2*q - 8399 = -20*c + 17*c. List the prime factors of q.
2, 1051
Let c(x) = 252*x - 3. Let i = -13 - -14. Let m be c(i). What are the prime factors of (-10)/65 + m/13?
19
Let v(b) = 2*b**2 + 34*b + 2. Let k be v(-17). Let a(u) = -3*u**2 + 3*u + 2. Let j be a(k). Let i = 25 + j. What are the prime factors of i?
3, 7
List the prime factors of (-1)/2 + (77336235/46)/45.
2, 5, 467
Let q(z) = -3*z**2 + 6*z - 4. Let h be q(-5). Suppose 872 = 4*u + 2*v + 126, -5*u + 935 = 3*v. Let k = h + u. What are the prime factors of k?
3, 5
Suppose 12 = 13*s - 7*s. Suppose s*a - 4*y = 212, -2*y + y = -2*a + 218. List the prime factors of a.
2, 5, 11
Let f = -38640 - -106799. What are the prime factors of f?
7, 13, 107
Let m(p) = -p**3 + 76*p**2 - 59*p + 158. List the prime factors of m(74).
2, 3, 281
Let c(g) = g**3 - 37*g**2 - 24*g - 27. Let v be c(38). Suppose -339 = -5*o - 5*j + 216, -5*o = -5*j - v. What are the prime factors of o?
2, 53
Let y(j) = 568*j**2 - 63*j + 12. List the prime factors of y(2).
2, 13, 83
Let r(g) = -10*g + 30. Let x be r(3). Suppose 11*j + 274 - 2397 = x. List the prime factors of j.
193
Suppose k - 16 = 26. Suppose 0 = -4*c + 8. Suppose c*v + 4*v = k. List the prime factors of v.
7
Let h be 53 + 1/1*-3. Let p(f) = 16*f - 11. Let q be p(6). Let l = h + q. What are the prime factors of l?
3, 5
Suppose 10*k + 1865 = 5*k. Let h = 614 + k. Suppose -h = -5*p - z, 4*p - 3*p - 51 = -3*z. List the prime factors of p.
2, 3
Suppose 4*j = -x + 9, -3*x + 5 + 0 = j. Suppose t + j*o - 108 = -3*t, 50 = 2*t + 2*o. Suppose -2*g = 3*z - 32 - 71, -t = -z + 2*g. List the prime factors of z.
3, 11
Suppose 5*q = -5*b + 6875, -q = -3*b - 2*q + 4135. What are the prime factors of b?
2, 3, 5, 23
Let u(a) be the second derivative of -a**3/3 + 13*a**2/2 - 8*a. Let v be u(4). Suppose -2*z - 36 = -3*o, 4*o = -0*z - v*z + 25. List the prime factors of o.
2, 5
Suppose -224*a = -229*a + 5. What are the prime factors of ((-620906)/(-39))/22 + a/3?
2, 181
Let z(w) = -39*w**3 + 13*w**2 - 50*w - 27. What are the prime factors of z(-8)?
31, 683
Suppose 0 = -12*j - 16908 + 97116. What are the prime factors of j?
2, 3, 557
Let b be 25*(252/10 + 2). Suppose 5*m - 2*d = b, 0 = m + 3*d - d - 148. Let y = -26 + m. What are the prime factors of y?
2, 7
Let u(q) = 28*q + 9. Let n be u(-9). List the prime factors of n/(-6)*532/57.
2, 3, 7
Suppose 0*o + 3*j + 5 = -2*o, 0 = -2*o + 3*j + 13. Suppose -o = 18*z - 19*z. Suppose -z + 160 = l. What are the prime factors of l?
2, 79
Suppose -23*g + 599490 = 112028. List the prime factors of g.
2, 10597
Let m = 176 + -129. Suppose 0 = 10*j + 12 - 2. List the prime factors of (-1 + (j - -8))*m/2.
3, 47
Suppose -16 = 5*y - y. Let w be (50 - 9/3)*y. List the prime factors of (-1)/(2/w + 0).
2, 47
Let x = 277 - 453. Let i = -40 - x. Suppose -r = r - i. What are the prime factors of r?
2, 17
Suppose 5*v - 63 = -y - 20, -39 = -3*v - 5*y. Suppose -5*h + 47 = -v. Suppose -h*a + 14*a = 141. What are the prime factors of a?
47
Let a = -6411 - -9300. Let t = a - 1140. What are the prime factors of t?
3, 11, 53
Suppose 0*o - 6 = -3*o - 4*c, o - 13 = -5*c. Let j be (-434 + -12)/((-2 + 3)*o). Suppose -3*a = -4*